Let i(b) = -13699*b - 287462. Determine i(-21).
217
Let l(d) = -70143*d + 210425. What is l(3)?
-4
Let b(v) = -8*v**2 + 4165*v - 139564. Calculate b(36).
8
Let m(y) = y**3 - 302*y**2 + 804*y + 27904. Give m(299).
97
Let p(x) = 21125*x - 295889. What is p(14)?
-139
Let g(n) = -3488*n + 135950. Calculate g(39).
-82
Let j(w) = -288*w - 18145. Calculate j(-63).
-1
Let b(x) = x**3 - 29*x**2 - 3*x + 2087. Determine b(26).
-19
Let r(w) = 627*w + 12473. What is r(-20)?
-67
Let x(g) = -4522*g - 17672. What is x(-4)?
416
Let h(m) = -2*m**3 - 78*m**2 - 362*m - 7915. What is h(-37)?
3
Let q(s) = -311*s - 2487. Determine q(-8).
1
Let m(l) = -4*l**3 + 941*l**2 - 238*l + 788. Give m(235).
83
Let i(w) = 953*w + 188695. Give i(-198).
1
Let p(t) = 713*t - 8519. Calculate p(9).
-2102
Let g(a) = 2121*a**2 - 29692*a - 25. Give g(14).
3
Let h(n) = 44964*n - 45064. Determine h(1).
-100
Let r(g) = 6923*g - 41369. Calculate r(6).
169
Let a(q) = 7637*q - 7279. Give a(1).
358
Let f(y) = 40*y**2 + 69955*y + 348769. Give f(-5).
-6
Let g(c) = c**3 + 32*c**2 - 538*c + 53. Calculate g(12).
-67
Let y(c) = 1964*c - 9921. Give y(5).
-101
Let x(q) = -q**2 + 549*q + 12. Determine x(-4).
-2200
Let b(j) = -9*j**2 + 3223*j + 19660. What is b(-6)?
-2
Let z(j) = -j**3 - 32*j**2 + 766*j + 5676. Give z(-46).
64
Let i(m) = 6*m**3 + 39*m**2 - 9*m - 51. Determine i(-8).
-555
Let p(g) = -g**3 + 93*g**2 + 1283*g - 2443. What is p(105)?
-28
Let q(o) = -62623*o - 187818. What is q(-3)?
51
Let m(r) = r**3 - 486*r**2 + 3627*r + 1585. What is m(8)?
9
Let d(p) = 2*p**2 + 68886*p + 137777. Determine d(-2).
13
Let m(c) = -2*c**3 + 5*c**2 + 29316*c - 87942. Give m(3).
-3
Let z(f) = 2*f**2 - 192*f - 3142. Determine z(-15).
188
Let u(y) = -474*y - 21157. Calculate u(-45).
173
Let y(u) = 4323*u + 881888. Give y(-204).
-4
Let h(c) = 489*c - 12581. What is h(25)?
-356
Let d(x) = 2510*x + 28476. What is d(-11)?
866
Let h(t) = 4*t**3 + 27*t**2 - 194*t - 92. Calculate h(5).
113
Let w(k) = -239*k**3 - 14*k**2 - 16*k - 17. Give w(-2).
1871
Let s(k) = 9274*k + 306039. Calculate s(-33).
-3
Let b(u) = -15110*u - 225915. Give b(-15).
735
Let u(o) = 63*o**3 + 12*o**2 + 240*o + 442. Give u(-2).
-494
Let v(m) = 2*m**3 - 33*m**2 - 231*m + 4224. Give v(14).
10
Let x(s) = -800*s - 933. Give x(2).
-2533
Let k(m) = m**3 + 29*m**2 + 90*m - 472. Give k(-24).
248
Let w(a) = -85*a**3 - 20*a - 580. Determine w(0).
-580
Let r(f) = -2*f**3 - f**2 + 10*f - 9. What is r(1)?
-2
Let x(u) = -5*u**3 + u**2 + 227*u + 455. Calculate x(-2).
45
Let n(l) = 68926*l - 275397. Calculate n(4).
307
Let z(k) = -5*k**3 - k**2 + 3*k - 1283. Give z(0).
-1283
Let k(a) = a**2 + 34*a - 2820. Determine k(33).
-609
Let r(z) = -3*z**3 - 5*z**2 + 117*z - 251. Determine r(3).
-26
Let n(q) = 570*q**2 - 22232*q + 64. Determine n(39).
-14
Let g(f) = 16*f**3 - 321*f**2 + 19*f - 188. Calculate g(20).
-208
Let r(t) = -t**3 - 112*t**2 + 962*t + 11. Determine r(8).
27
Let i(j) = -2*j**2 + 136*j + 8377. Calculate i(107).
31
Let m(n) = -7516*n - 503590. What is m(-67)?
-18
Let f(i) = 861*i + 22378. Give f(-26).
-8
Let i(m) = 4*m**3 - m**2 - 77*m + 758. What is i(10)?
3888
Let j(p) = p**2 + 370*p + 141. Calculate j(0).
141
Let b(j) = 11367*j - 125519. Give b(11).
-482
Let o(t) = 15*t**3 - 764*t**2 - 36*t + 4. Determine o(51).
769
Let o(n) = 47*n**2 + 1304*n - 5230. What is o(4)?
738
Let s(w) = -2*w**3 + 4471*w**2 - 31211*w + 101. Calculate s(7).
17
Let o(s) = -s**3 - 5*s**2 + 7398*s + 87760. What is o(-12)?
-8
Let w(t) = t**3 - 104*t**2 - 1146*t + 72. Calculate w(114).
-612
Let p(u) = -43*u**3 + 44*u**2 + 205*u + 254. Determine p(-3).
1196
Let b(a) = -4657*a + 41706. What is b(9)?
-207
Let d(x) = -1453*x + 33432. What is d(23)?
13
Let c(b) = -5*b**3 - 153*b**2 - 168*b - 225. Calculate c(-29).
-2081
Let o(n) = 2*n**2 - 959*n - 178. Give o(0).
-178
Let m(v) = 17*v**2 + 312*v + 1280. Give m(-12).
-16
Let j(l) = 5*l**2 + 12198*l + 36602. Determine j(-3).
53
Let z(n) = -22784*n + 683496. Give z(30).
-24
Let d(q) = 877*q + 6589. Calculate d(-7).
450
Let g(c) = c**3 - 168*c**2 + 842*c - 263140. Determine g(172).
20
Let z(u) = -1976*u - 148. What is z(1)?
-2124
Let p(f) = 2*f**3 - 18*f**2 + 5644*f - 50798. Calculate p(9).
-2
Let a(g) = -g**3 - 7*g**2 + 111*g - 76. What is a(-15)?
59
Let q(b) = 3085*b - 33789. Give q(11).
146
Let l(z) = -z**3 + 69*z**2 + 280*z - 550. Calculate l(73).
-1426
Let i(z) = 2*z**3 - 298*z**2 + 295*z + 1107. What is i(148)?
959
Let c(s) = 221238*s - 16371607. What is c(74)?
5
Let t(r) = -89*r**2 + 314*r + 28. What is t(4)?
-140
Let h(l) = -163*l - 37967. Calculate h(-243).
1642
Let j(s) = -s**2 + 219*s - 11592. Calculate j(92).
92
Let h(t) = -79*t**3 + 3239*t**2 - 12*t + 586. Calculate h(41).
94
Let x(n) = 4*n**3 - 23*n**2 - 2844*n + 221. Give x(-24).
-67
Let m(f) = -2*f**3 + 706*f**2 + 712*f - 1403. Calculate m(354).
13
Let w(a) = 8*a**3 + 594*a**2 - 306*a + 10746. Calculate w(-75).
-54
Let d(z) = z**3 - 1658*z**2 - 15009*z + 7. Give d(-9).
61
Let d(s) = -3*s**3 + 291*s**2 - 8*s + 919. Calculate d(97).
143
Let r(o) = -456*o + 6779. Give r(13).
851
Let v(f) = -4203*f - 46196. Determine v(-11).
37
Let v(t) = -162996*t + 19722502. Determine v(121).
-14
Let y(x) = -4368*x - 157158. Calculate y(-36).
90
Let f(a) = -14839*a - 1810362. Determine f(-122).
-4
Let p(i) = -112340*i + 5392314. Calculate p(48).
-6
Let i(d) = 6*d**2 + 122*d - 502. Calculate i(4).
82
Let q(p) = p**3 + 76*p**2 - 788*p - 2078. Give q(-85).
-123
Let q(n) = 19844*n - 912821. Calculate q(46).
3
Let s(t) = -t**2 - 30*t + 49501. Give s(-238).
-3
Let c(f) = -f**2 - 1603*f - 27267. Determine c(-17).
-305
Let b(n) = 4*n**2 - 533*n + 589. Determine b(132).
-71
Let n(k) = -104*k**3 + 70*k**2 - 140*k + 4. Determine n(2).
-828
Let w(k) = k**3 - 293*k**2 - 829*k - 17479. Determine w(296).
-15
Let x(v) = 2*v**2 + 73*v - 8268. Calculate x(-85).
-23
Let l(j) = -71*j**2 - 66*j + 134. Give l(2).
-282
Let h(z) = -z**2 - 57168*z - 1885454. Determine h(-33).
1
Let m(b) = -2*b**3 - 152*b**2 - 100*b + 1590. Calculate m(-75).
-2160
Let s(h) = 4*h**3 + 48*h**2 - 17*h - 23. Calculate s(-12).
181
Let h(t) = 298*t + 13803. Calculate h(-51).
-1395
Let l(t) = 6*t**2 + 8637*t - 25966. Give l(3).
-1
Let w(c) = 4*c**2 - 29924*c + 29925. What is w(1)?
5
Let p(w) = 8*w**3 + 104*w**2 + 42*w - 56. What is p(-1)?
-2
Let g(i) = -3*i**2 + 1719*i - 15278. Determine g(9).
-50
Let w(s) = s**3 - 48*s**2 + 167*s. What is w(6)?
-510
Let m(t) = t**2 + 777*t - 25905. What is m(32)?
-17
Let k(m) = m**2 - 16441*m - 659219. Give k(-40).
21
Let a(d) = -d**3 + 13*d**2 + 534*d - 6963. What is a(13)?
-21
Let s(b) = -b**3 + 198*b**2 - 7683*b - 261. Give s(145).
29
Let a(d) = -141*d + 1181. Determine a(12).
-511
Let u(m) = -m**2 - 3504*m + 95. What is u(0)?
95
Let f(h) = -h**2 + 20968*h - 1379551. Give f(66).
-19
Let b(h) = 6*h**3 - 97*h**2 + 308*h - 26. Give b(3).
187
Let j(z) = -z**3 - 93*z**2 - 1866*z - 135. Give j(-64).
505
Let y(g) = 85*g**2 - 14954*g - 1067. What is y(176)?
-11
Let x(w) = w**3 - 3*w**2 + 40*w - 1878. What is x(0)?
-1878
Let s(b) = 3*b**2 + 3*b - 695. What is s(15)?
25
Let c(o) = -25875*o + 776634. Give c(30).
384
Let a(o) = o**3 + 45*o**2 + 791*o + 4602. Calculate a(-10).
192
Let q(c) = -73*c + 11999. Determine q(169).
-338
Let d(z) = 34*z**2 + 12940*z - 5351. Give d(-381).
-17
Let j(c) = -155*c**2 - 95272*c - 62632. Calculate j(-614).
-4
Let d(r) = -60116*r + 360697. Give d(6).
1
Let q(w) = 4350*w - 734580. Give q(169).
570
Let n(v) = -5*v**2 - 5283*v + 21247. Calculate n(4).
35
Let x(m) = -119510*m + 238976. Determine x(2).
-44
Let v(z) = -272*z - 3599. Give v(0).
-3599
Let s(o) = o**3 + 240*o**2 + 834*o - 80165. Calculate s(-235).
-30
Let v(i) = -i**3 - 2592*i**2 - 21010*i - 873399. What is v(-2584)?
-7
Let x(m) = 2420*m + 6161. Determine x(-3).
-1099
Let x(t) = 3*t**3 + 32*t**2 - 146*t - 34. Calculate x(-14).
50
Let h(y) = -633*y + 54280. What is h(86)?
-158
Let u(a) = -10*a**3 - 13*a**2 + 46*a + 10. Give u(-5).
705
Let c(p) = p**3 - 2*p**2 + 1205*p - 8553. What is c(7)?
127
Let l(g) = -2*g**2 + 85*g + 158. Give l(52).
-830
Let z(u) = 3*u**3 + 211*u**2 + 595*u + 22031. Give z(-69).
20
Let u(f) = 6*f**2 + 445*f + 7067. Calculate u(-23).
6
Let w(y) = 176*y**3 - 61*y**2 - 7*y. Determine w(-1).
-230
Let p(g) = 